rs of g?
2, 3
Suppose 3 = -b + 8. Suppose 3*s + 3*i = -0*s + 63, -i - 105 = -b*s. What are the prime factors of s?
3, 7
Suppose -20*o + 18*o = 5*d - 8674, -3*o + 5208 = 3*d. List the prime factors of d.
2, 3, 17
List the prime factors of (-16 + 4)*(-84)/8*8.
2, 3, 7
Suppose 2*p = 5*p - 51. Suppose p = 4*d - 7. Suppose d*u = -u + 126. List the prime factors of u.
2, 3
Let b(a) = 39*a + 3. Suppose o - 6 = -3*v, -v - 4 = -3*v - 4*o. List the prime factors of b(v).
3
Suppose -10983 = -14*l - 7*l. List the prime factors of l.
523
Suppose -9*q + 20173 - 6340 = 0. What are the prime factors of q?
29, 53
Let c = 39 + -41. What are the prime factors of 18/27*(-183)/c?
61
What are the prime factors of (-25)/20 + (-6)/8 + 487?
5, 97
Let z(r) = r - 7. Let g(f) = f**3 - 9*f**2 + f + 1. Let d be g(9). List the prime factors of z(d).
3
Let i(t) = 2*t + 31. Let g be i(-13). Suppose 3*l = -g*v - 80 + 362, -4*l + 3*v + 405 = 0. List the prime factors of l.
3, 11
Suppose -5*a + 12868 = -5*c - 7697, 5*a - 20583 = -c. What are the prime factors of a?
2, 3, 7
Suppose -5*l + 1877 = -178. What are the prime factors of l?
3, 137
Suppose -61*v = -60*v + 14. Let s(c) = c**2 - c - 13. List the prime factors of s(v).
197
Let u be (8/(-2) - -5) + 1. List the prime factors of u/(-4)*(-434*1 - 4).
3, 73
Suppose 3*j = j + 10. Suppose j*r = 8 + 12. Suppose 0 = -7*t + r*t + 15. What are the prime factors of t?
5
Let q(i) = 106*i + 52. List the prime factors of q(10).
2, 139
Let w = 1 + 1. Suppose -w*n - 3*k + 19 = 0, 3*n - 2*k = 6*n - 36. What are the prime factors of n?
2, 7
Let p = 3085 - 1528. What are the prime factors of p?
3, 173
Suppose 8*t = 14*t - 462. What are the prime factors of (t + 1)*(1 + 5)/12?
3, 13
Let f = -14 + 12. Let o be -23 - 6/f - -1. Let g = o - -26. What are the prime factors of g?
7
Suppose 18*t - 29435 = 11299. What are the prime factors of t?
31, 73
Suppose 5*w - 28 = -13. Suppose w*x - 5*l - 577 = 0, -x - 2*l = -l - 187. List the prime factors of x.
3, 7
Suppose -1 = 2*a - 37. Let l = -143 + 131. Let m = a + l. What are the prime factors of m?
2, 3
Let r be (1/(-1))/(2/(-38)). Let z = 335 - r. List the prime factors of z.
2, 79
Suppose -3*y + 7281 = 3*p, 0 = -4*y - 2*p + p + 9714. List the prime factors of y.
7, 347
Let y be (2 - -1)/(9/168). Let z = y + 81. What are the prime factors of z?
137
Suppose -3*y + 2 = -2*y. What are the prime factors of (-2 - -37) + 4 - y?
37
Suppose 9835 = 4*x + q, -2*x + q = x - 7378. What are the prime factors of x?
2459
Suppose -3*i + 3878 = -d, -4*i - 2460 = 3*d - 7609. What are the prime factors of i?
1291
Let r be 6/(-4)*(-200)/12. Let p = -23 + r. List the prime factors of p.
2
Let k = -1737 - -3463. List the prime factors of k.
2, 863
Suppose 2*l - 4*m + 4 = 0, l - 16 = -4*l - 3*m. Let h be (-16)/((-8)/l)*-11. List the prime factors of (-847)/h + (-6)/(-8).
2, 5
Let c(z) = -117*z - 9. Let h be c(-5). What are the prime factors of (18/(-24))/(1 + (-580)/h)?
2, 3
Let r = -49 - -49. What are the prime factors of (1 + 69)*(6 + -5 - r)?
2, 5, 7
Let r = -738 + 1156. What are the prime factors of r?
2, 11, 19
Let n(h) = -h**2 - 11*h + 4. Let w(z) = 5*z**2 + 56*z - 19. Let k(o) = -11*n(o) - 2*w(o). Let p be 32/(-3) - 2/6. List the prime factors of k(p).
2
Suppose x + t + 626 = 3*t, -x - 2*t - 622 = 0. List the prime factors of x/30*(-5)/2.
2, 13
Let f(k) = -k**3 + 4*k**2 - 3*k + 1. Let u be f(5). Let g be 550/26 + 6/u. Suppose 3 + g = 4*y. What are the prime factors of y?
2, 3
Let j(a) = -a**3 - a**2. Let t be j(-2). Suppose 0 = -4*v + t*g - 4, -2 - 3 = -g. What are the prime factors of 225/6*v/5?
2, 3, 5
Let z(w) = w**2 + 10*w + 28. Let a be z(-16). Let r = a + 59. What are the prime factors of r?
3, 61
Let w(c) = -8*c + 107. List the prime factors of w(-12).
7, 29
Suppose 2*i - 3*c - 14 = 0, 0 = 3*i - 3*c - 17 - 1. Suppose -122 = -5*h + 4*n, -79 = -0*h - i*h - 3*n. What are the prime factors of h?
2, 11
Suppose 3*g = -z - 12, -26 = 3*z + 2*g + 2*g. Let d be 4/(-12) - 98/z. Let r = 57 - d. List the prime factors of r.
41
Suppose 9 = q + 2*q. Suppose q*j + 4*t = 185, 0*j + 225 = 4*j + t. What are the prime factors of j?
5, 11
Suppose 0 = 49*l + 16*l - 19500. List the prime factors of l.
2, 3, 5
Let w = -20 + 13. Let h(b) = -b - 5. Let i be h(w). Suppose -i*o + 7*o - 5*y = 185, 3*o = -5*y + 79. List the prime factors of o.
3, 11
Let v(q) be the third derivative of -q**6/120 + 13*q**5/60 + 7*q**4/12 + 13*q**3/3 - 15*q**2. List the prime factors of v(14).
2, 13
Let o be ((-45)/12)/((-3)/4). Suppose 2*g + a = 179, -3*a = 2*g - 172 - o. What are the prime factors of g?
2, 3, 5
Suppose 27*r - s - 1055 = 23*r, 15 = 3*s. What are the prime factors of r?
5, 53
Suppose -21 = 4*p - 137. List the prime factors of p.
29
Let t = -4067 + 5713. List the prime factors of t.
2, 823
Let p(a) be the first derivative of 5*a**4/4 + a**3 + 2. What are the prime factors of p(2)?
2, 13
Let b = 323 - 122. What are the prime factors of b/(-6)*(8/4 - 4)?
67
Let s(q) = 9*q. Let y be s(-3). Let v be 122/18 - 6/y. Suppose v = -2*t + 59. What are the prime factors of t?
2, 13
Suppose -2712 - 2346 = -6*j. List the prime factors of j.
3, 281
Let x(w) = w**2 - 9*w + 8. Let r be x(5). Let y(b) = b**3 + 12*b**2 - 8*b + 6. List the prime factors of y(r).
2, 3, 17
Let j(l) = -4*l**2 - 89*l - 11. What are the prime factors of j(-12)?
13, 37
Suppose 0 = -3*y + 2*n + 320, 5*y - 88 = 4*y - 4*n. Let b = -200 + 380. Let j = b - y. What are the prime factors of j?
2, 19
Let r be -2*(-21)/6 + (5 - 7). What are the prime factors of (((-2125)/20)/r)/((-2)/8)?
5, 17
Let k = -9 - -24. Suppose -k = -4*i - i. Suppose i*l + 48 = 6*l. What are the prime factors of l?
2
Suppose 0 = 4*y - 3*l + 485, -2*y + 2*l + 0*l = 240. Let b = y + 219. What are the prime factors of b?
2, 47
Let s(r) = 4*r - 2. Let z be s(-4). Let t = z - -22. Suppose 2*f + 20 = 5*n - 75, -t*f + 19 = n. List the prime factors of n.
19
Suppose 4*r + r = 170. Suppose -244 = -4*i + 5*k, 4*i - 173 - 71 = 2*k. Let p = i - r. What are the prime factors of p?
3
What are the prime factors of (-8)/(-20)*-14*-35?
2, 7
Let c(g) = 282*g - 59. List the prime factors of c(5).
7, 193
Let o = 2253 - 1254. List the prime factors of o.
3, 37
Suppose -m + 189 + 72 = 0. List the prime factors of m.
3, 29
Suppose 3*v + v = 0. Let y be -8 + (v - 0) - 0. Let h(j) = j**2 + 7*j + 11. What are the prime factors of h(y)?
19
Let p(a) = 26*a + 2. Let o be p(5). Suppose o = 5*q - 463. What are the prime factors of q?
7, 17
Let n(u) = 26*u**2 - 108*u + 6. What are the prime factors of n(15)?
2, 3, 353
Suppose -144 = -k - b, 704 = 5*k - 0*b + b. Suppose d - 22 = -3*o, -o = -0*d - 4*d + k. What are the prime factors of d?
2, 17
Let u be 44/5 + 4 - 4/(-20). What are the prime factors of ((-1)/(-3))/(u/8541)?
3, 73
Suppose 2*s = -2*a + 14, a - 22 + 3 = -4*s. Suppose m + 75 = s*m. List the prime factors of m.
5
Let r = 341 + -3. Let l = r + -235. What are the prime factors of l?
103
Suppose 0*w = 5*w - 2*v - 608, 2*v = 2. List the prime factors of w.
2, 61
Let c be ((-40)/28)/((-3)/21). Suppose -c = -2*k + 4. Suppose -11*z = -k*z - 112. List the prime factors of z.
2, 7
Let w(a) be the first derivative of -a**6/120 - a**5/15 - a**4/6 - 5*a**2/2 + 5. Let g(z) be the second derivative of w(z). List the prime factors of g(-3).
3
List the prime factors of 188*5/(0 - -5).
2, 47
Let b = 25 - 19. Let y = b + -2. Let t(n) = n**2 - 4*n + 4. What are the prime factors of t(y)?
2
Let q = 1759 - 1686. List the prime factors of q.
73
Let w(s) = 2*s**2 - 4*s + 5. Let n be w(5). Suppose 4*z + n = -69. Let b = 44 + z. What are the prime factors of b?
2, 3
Let s be (7 + (-6 - 2))/((-1)/(-1)). List the prime factors of 2048/12 + s/(-3).
3, 19
List the prime factors of ((-8)/(-16))/(9/24066).
7, 191
Let f(m) = -m**3 + 7*m**2 + 8*m + 3. Let j be f(8). Suppose 4*w - 3*l - 253 = 0, w + j*l + 29 - 81 = 0. What are the prime factors of w?
61
List the prime factors of (-22418)/(-16) + (-1651)/(-104) + -16.
3, 467
List the prime factors of 239 + 24 - (-5)/1.
2, 67
Let c = 77 - 17. What are the prime factors of (-5)/c*3 + (-159)/(-12)?
13
Let a = 282 - -429. List the prime factors of a.
3, 79
Let h = -147 - -247. Let d = h + -60. What are the prime factors of d?